 40104?
True
Is 6 a factor of 743261?
False
Is 237 a factor of 14373072?
False
Is 86 a factor of 931724?
True
Does 31 divide 154133?
False
Is 7 a factor of 145179?
False
Is 7271502 a multiple of 11?
False
Is 9 a factor of 12920283?
True
Is 387 a factor of 1009757?
False
Is 1517809 a multiple of 719?
True
Is 4360080 a multiple of 61?
False
Is 112 a factor of 1246112?
True
Does 2 divide 558933?
False
Is 768232 a multiple of 218?
True
Is 383 a factor of 4193671?
False
Does 104 divide 18382312?
True
Is 37 a factor of 9472?
True
Is 4768310 a multiple of 216?
False
Is 531 a factor of 1181962?
False
Is 63 a factor of 347448?
False
Is 25 a factor of 2621453?
False
Does 1844 divide 6166935?
False
Is 934000 a multiple of 358?
False
Does 8 divide 86496?
True
Is 694200 a multiple of 78?
True
Is 231521 a multiple of 152?
False
Does 28 divide 107798?
False
Does 31 divide 272047?
False
Does 8 divide 954064?
True
Does 9 divide 120075?
False
Is 521 a factor of 3954093?
False
Is 307139 a multiple of 574?
False
Is 521 a factor of 498076?
True
Is 209 a factor of 13167?
True
Does 12 divide 17335072?
False
Is 18 a factor of 126184?
False
Does 265 divide 34192?
False
Is 19749 a multiple of 5?
False
Is 157062 a multiple of 10?
False
Is 124 a factor of 2442800?
True
Is 39 a factor of 1167067?
False
Is 431 a factor of 6002537?
True
Does 22 divide 2284700?
True
Is 3 a factor of 19394?
False
Does 1122 divide 4019659?
False
Is 22 a factor of 11792?
True
Does 4 divide 42088?
True
Is 10740915 a multiple of 333?
True
Is 5704011 a multiple of 743?
True
Is 23 a factor of 78709?
False
Is 2362152 a multiple of 678?
True
Does 14 divide 14756261?
False
Is 2128438 a multiple of 233?
False
Does 130 divide 13390?
True
Does 4 divide 171524?
True
Does 10 divide 3171?
False
Does 149 divide 1787553?
True
Is 5035883 a multiple of 454?
False
Is 351 a factor of 1154439?
True
Is 38 a factor of 272789?
False
Is 95750 a multiple of 25?
True
Does 9 divide 701403?
False
Does 132 divide 2509188?
True
Is 258 a factor of 22810038?
True
Is 361641 a multiple of 119?
True
Is 5673559 a multiple of 5?
False
Is 11 a factor of 116329?
False
Does 116 divide 67512?
True
Is 82 a factor of 2534804?
False
Is 248990 a multiple of 35?
True
Is 200925 a multiple of 47?
True
Is 31608 a multiple of 12?
True
Is 8 a factor of 3965272?
True
Does 45 divide 81340?
False
Does 128 divide 7281536?
True
Does 91 divide 1870414?
True
Does 2 divide 707571?
False
Is 15379 a multiple of 7?
True
Does 37 divide 14937?
False
Does 34 divide 3030749?
False
Is 322489 a multiple of 68?
False
Is 19 a factor of 40791?
False
Does 48 divide 1298160?
True
Does 27 divide 5211?
True
Is 2390370 a multiple of 17?
True
Does 59 divide 121245?
True
Is 10 a factor of 170775?
False
Does 6 divide 112697?
False
Is 6 a factor of 1028640?
True
Is 341184 a multiple of 27?
False
Does 7 divide 384415?
False
Is 76 a factor of 2852204?
True
Is 520439 a multiple of 18?
False
Does 221 divide 971632?
False
Is 765576 a multiple of 36?
True
Does 413 divide 275883?
False
Does 3 divide 145291?
False
Is 42 a factor of 5839722?
True
Does 400 divide 596400?
True
Is 298494 a multiple of 69?
True
Does 36 divide 2248457?
False
Is 57915 a multiple of 55?
True
Is 250743 a multiple of 57?
True
Is 16 a factor of 27483?
False
Is 13 a factor of 20150?
True
Does 8 divide 627?
False
Is 8 a factor of 78208?
True
Does 12 divide 5861558?
False
Is 515 a factor of 136978?
False
Does 49 divide 985390?
True
Is 15 a factor of 626676?
False
Is 94200 a multiple of 6?
True
Does 60 divide 2790300?
True
Is 19809 a multiple of 3?
True
Does 12 divide 302292?
True
Is 15 a factor of 3061324?
False
Does 36 divide 174611?
False
Is 53234 a multiple of 47?
False
Is 40 a factor of 2833520?
True
Does 63 divide 4329675?
True
Is 78 a factor of 336492?
True
Does 34 divide 253058?
False
Is 1851001 a multiple of 47?
True
Is 53568 a multiple of 3?
True
Is 1862 a factor of 2854446?
True
Is 10 a factor of 148120?
True
Is 45 a factor of 6901112?
False
Is 431384 a multiple of 25?
False
Is 184252 a multiple of 146?
True
Is 3192852 a multiple of 388?
True
Does 213 divide 11811603?
False
Is 66 a factor of 592896?
False
Is 60 a factor of 1303913?
False
Is 1526183 a multiple of 159?
False
Does 15 divide 445221?
False
Is 3181321 a multiple of 143?
True
Does 164 divide 125460?
True
Is 12233186 a multiple of 58?
True
Is 205 a factor of 49405?
True
Is 139728 a multiple of 61?
False
Is 8 a factor of 45360?
True
Is 443 a factor of 345965?
False
Does 37 divide 317127?
True
Is 364670 a multiple of 138?
False
Is 1042054 a multiple of 26?
True
Is 701 a factor of 649703?
False
Is 18 a factor of 11873?
False
Does 6 divide 4712688?
True
Does 663 divide 2449768?
False
Does 1035 divide 4412205?
True
Is 163268 a multiple of 343?
True
Does 15 divide 109732?
False
Does 321 divide 35221083?
True
Is 100 a factor of 19948000?
True
Is 12 a factor of 2386360?
False
Does 36 divide 139248?
True
Is 1443416 a multiple of 104?
True
Is 6916779 a multiple of 2641?
True
Is 103779 a multiple of 9?
True
Is 217 a factor of 20263?
False
Is 162888 a multiple of 4?
True
Is 12 a factor of 2866416?
True
Does 12 divide 88933?
False
Is 597 a factor of 1023855?
True
Does 21 divide 7196595?
True
Is 6 a factor of 4270?
False
Does 83 divide 6582218?
False
Is 26 a factor of 10035688?
True
Does 104 divide 143728?
True
Is 429 a factor of 144383?
False
Is 228 a factor of 494760?
True
Is 348 a factor of 4702524?
True
Is 257 a factor of 1795402?
True
Is 9633 a multiple of 247?
True
Does 14 divide 41916?
True
Does 19 divide 87410?
False
Does 47 divide 588106?
False
Is 689 a factor of 1632930?
True
Is 57210 a multiple of 44?
False
Does 241 divide 350655?
True
Does 237 divide 426126?
True
Is 11869 a multiple of 13?
True
Is 118120 a multiple of 20?
True
Is 1068521 a multiple of 101?
False
Is 57816 a multiple of 18?
True
Is 22 a factor of 54934?
True
Is 673 a factor of 2079570?
True
Does 16 divide 15302240?
True
Is 22 a factor of 409464?
True
Is 5 a factor of 166095?
True
Is 542572 a multiple of 17?
True
Is 145888 a multiple of 8?
True
Is 68972 a multiple of 43?
True
Does 222 divide 286732?
False
Is 43 a factor of 126248?
True
Is 47 a factor of 624348?
True
Is 1138 a factor of 10552678?
False
Is 375995 a multiple of 695?
True
Is 7 a factor of 102994?
False
Is 84 a factor of 6340152?
True
Does 3 divide 36033?
True
Is 8 a factor of 12712?
True
Does 545 divide 582090?
False
Is 172720 a multiple of 508?
True
Does 60 divide 13270?
False
Is 1924 a factor of 6365744?
False
Does 23 divide 224496?
False
Is 198550 a multiple of 2?
True
Is 48 a factor of 268752?
True
Is 11 a factor of 1833359?
True
Is 6 a factor of 14985?
False
Is 429 a multiple of 33?
True
Does 304 divide 2787630?
False
Is 155 a factor of 2600745?
True
Is 98 a factor of 2625957?
False
Is 6 a factor of 9473916?
True
Is 5904402 a multiple of 202?
False
Does 35 divide 293825?
True
Is 72956 a multiple of 9?
False
Is 19840 a multiple of 62?
True
Is 41 a factor of 78312?
False
Is 40658 a multiple of 40?
False
Is 139 a factor of 1700943?
True
Is 30151 a multiple of 11?
True
Is 282463 a multiple of 11?
False
Is 108563 a multiple of 7?
True
Is 220 a factor of 76780?
True
Does 42 divide 19420868?
False
Does 200 divide 179400?
True
Is 444972 a multiple of 204?
False
Is 20 a factor of 6139286?
False
Is 14931535 a multiple of 16?
False
Does 14 divide 481362?
True
Is 15138 a multiple of 5?
False
Is 83904 a multiple of 608?
True
Does 25 divide 12903?
False
Does 16 divide 1436305?
False
Is 4957720 a multiple of 396?
False
Is 1087 a factor of 332622?
True
Is 1176670 a multiple of 94?
False
Is 584440 a multiple of 30?
False
Is 162181 a multiple of 33?
False
Is 223992 a multiple of 281?
False
Does 9 divide 1334654?
False
Is 433495 a multiple of 9?
False
Is 13322979 a multiple of 5?
False
Is 1058 a factor of 6106530?
False
Is 14 a factor of 256102?
True
Is 476616 a multiple of 84?
True
Is 23 a factor of 1060444?
False
Is 287 a factor of 819146?
False
Is 1639243 a multiple of 159?
False
Is 1713341 a multiple of 157?
True
Does 189 divide 9371565?
True
Is 45 a factor of 22749362?
False
Is 649273 a multiple of 646?
False
Does 26 divide 79362?
False
Does 34 divide 24846?
False
Is 7119302 a multiple of 320?
False
Is 72 a factor of 1078